u and 238?
34
Let o be 0 + -2 + 4 + -2. Suppose r + 8 = -5*h + 18, o = r - h - 4. What is the greatest common factor of r and 25?
5
Let h = 16 + -19. Let k be (11 - h)*(1 + 0). Suppose 0 = -p - p + 42. What is the greatest common divisor of k and p?
7
Suppose 4*t - 78 = -5*v, v - 2*t = 9 + 1. Let c = v - 0. What is the highest common factor of c and 14?
14
Let g = 1855 + -763. What is the highest common factor of g and 168?
84
Let t be ((-270)/35)/(2/(-84)). Calculate the greatest common divisor of t and 9.
9
Let g = -295 + 297. Calculate the greatest common divisor of 50 and g.
2
Let o = 149 - -21. Let y = o + -145. Let w be (0 + 1)*(6 + -1). What is the highest common factor of w and y?
5
Suppose -111 = 5*p - 11. Let g = -8 - p. Calculate the highest common factor of g and 84.
12
Let x = -138 - -263. Suppose -5*p + 55 = 10*w - 9*w, 2*p - 52 = -w. What is the greatest common divisor of x and w?
25
Suppose 9*j - 5*j = 640. Suppose i - 167 = 4*r + j, -2*r = 6. Suppose 0*n - 5*n = -i. What is the greatest common factor of 9 and n?
9
Let i = 0 + 18. Suppose -4*w = 3*s - 115, 4*s + i = 3*w - 62. Let z be 1 + w - 1*2. What is the highest common factor of z and 9?
9
Let v = -9 + 11. Let t be (2 - 1)/(v/28). Let p be 1/(4/(-336))*1/(-2). What is the greatest common divisor of t and p?
14
Let u be (-8)/(-32) + (-2 - (-2972)/16). Calculate the highest common factor of 48 and u.
8
Let h(b) = b**2 - 98. Let f be h(11). Calculate the greatest common factor of 115 and f.
23
Let w be -3 - (-1)/1 - 1. Let n = w + 4. Let q be (-36)/117*13/(-2). Calculate the greatest common factor of q and n.
1
Let k be -2*(-24 - (-13)/((-65)/10)). Calculate the highest common factor of k and 793.
13
Let b be 402/5 - 70/175. Let o = b - 60. What is the highest common factor of 180 and o?
20
Let a be (-2)/2*2 - (-14)/1. Let d = -3 + 5. Suppose d = x, 0 = -3*l - l + 5*x + 230. Calculate the greatest common divisor of l and a.
12
Let t(h) = -18*h + 99. Let c be t(5). What is the highest common divisor of 27 and c?
9
Let d = 0 - -6. Suppose b - 15 = -5*z, 3*z - 6*z - 4 = -2*b. Suppose 3*g + 261 = 5*h, -26*h = -28*h - b*g + 123. What is the greatest common factor of d and h?
6
Let a be (-1)/(((-3)/5)/3). Let d(m) = -4*m**2 + 2*m + 33. Let w be d(0). Suppose x + a = w. Calculate the greatest common factor of 4 and x.
4
Let z be 4/16 + (-71)/(-4). Suppose 2*w + 722 = 5*q, 0 = 4*q + 5*w + 208 - 779. Calculate the greatest common factor of z and q.
18
Let k(z) = -z**2 - 4*z + 12. Let d be k(-7). Let c = -7 - d. Suppose -48 = -c*q - q. What is the greatest common divisor of 8 and q?
8
Suppose 5*t - 5*v - 254 - 126 = 0, 5 = -5*v. Suppose 0 = -5*r - 20, -5*g + r - 121 = -0*g. Let i = g - -55. What is the highest common factor of i and t?
15
Let k(d) = 32*d**2 - 11*d + 62. Let z be k(-10). What is the highest common divisor of z and 12?
12
Suppose -4*g + 4 = i, 14 = 2*i + 4*g - 6. Let t = 2 + -9. Let d = 47 + t. What is the highest common factor of i and d?
8
Let m be 1/4 + 33/(-4). Let q = 13 + m. Suppose -362 - 448 = -162*f. What is the highest common factor of f and q?
5
Suppose 5 - 17 = 2*j. Let t = j - -12. Let h be t/(-15) - (-144)/10. What is the highest common factor of 21 and h?
7
Let y be 1157/(-26) - (14/4 + -2). Let a = y + 68. Suppose 84 = -5*t + 359. What is the highest common factor of a and t?
11
Let v(x) = x**3 - 41 + 3*x + 4*x**2 + 48 - x. Let o be v(-3). Calculate the highest common factor of o and 70.
10
Let z = 1 + 2. Let c be -33*(-3)/(12 - 3). Let d = c - 9. What is the highest common divisor of z and d?
1
Suppose m + 1 - 5 = 0. Suppose 3*p + h - 69 = 0, p + 3*p = m*h + 76. Let u = 241 - 87. Calculate the highest common divisor of p and u.
22
Suppose 156 = f + 5*f. What is the greatest common divisor of 143 and f?
13
Suppose 62 = l - 4*g, 126 = 4*l + 3*g - 160. Let y = -24 - -34. Calculate the greatest common factor of l and y.
10
Let v(j) = 2*j**3 - 2*j**2 + 6*j. Let a be 7/(21/6)*2. Let f be v(a). Calculate the highest common divisor of f and 30.
30
Let p(l) = 7*l**3 - l**2 - 3*l + 2. Let r be p(2). Let a(w) = w**3 - 8*w**2 + 15*w - 6. Let h be a(6). What is the greatest common factor of h and r?
12
Let o = 5 - 19. Let v = 24 + o. Let f be 2/10 - (-178)/v. What is the greatest common factor of f and 6?
6
Suppose 0 = -6*b + 370 + 530. Calculate the highest common divisor of b and 100.
50
Suppose -2*r = -5*r + 12. Let k be (-3 + 1)/((-14 + 6)/r). Let f(o) = 4*o. Let x be f(1). What is the greatest common divisor of x and k?
1
Let y = 486 + 75. Calculate the greatest common factor of 33 and y.
33
Let l be (-3 - 85/(-5))/(-1). Let n be (6 + -3)/(3/l). Let p = n + 15. What is the greatest common factor of p and 10?
1
Let l = -8 - -11. Suppose 0 = 6*a - 14 + 8. What is the greatest common divisor of a and l?
1
Let y(o) = 7*o + 6*o - 33*o - 20. Let v be y(-8). Suppose c + 4*c = v. What is the highest common factor of c and 14?
14
Suppose -4*t + 36 = -4*a, t = -4*a - 4 - 7. Let k = 12 - a. What is the highest common factor of 128 and k?
16
Let s be 0 + (-7)/((-14)/300). Let d(l) = -19*l - 6. Let c be d(-1). Let g = c - -47. What is the greatest common divisor of g and s?
30
Suppose 5*c - 8 = 2. Suppose -69 = -5*o + 3*m - 7, -15 = -o - 2*m. Suppose o - 8 = 5*h. What is the greatest common divisor of c and h?
1
Suppose -3*z + 8*z - 30 = 0. Let c be (7/(35/3))/(24/40). Let o be (0 - c)/(z/(-24)). What is the greatest common factor of 24 and o?
4
Let x be 2*(-2 + (-141)/(-2)). Let m = x - 71. Suppose -2*p - 30 = -5*h - 5*p, -h = -2*p - 6. Calculate the greatest common divisor of m and h.
6
Let x = -2994 + 3318. Calculate the highest common factor of x and 48.
12
Let f = 184 + -40. Let p = -14 - -16. Suppose 96 = 4*s - 4*q + 8, -3*q = -p*s + 48. Calculate the greatest common factor of f and s.
18
Let b(k) = -5*k**3 - k**2 + 2*k - 3. Suppose -3*r = -4*r - 3. Let y be b(r). Let m = y - 81. What is the highest common factor of 18 and m?
18
Suppose 4*m + y - 15 = 14, -4 = -4*y. Suppose 134*a - 138*a = -2*c + 40, 0 = -3*c + 4*a + 54. What is the greatest common divisor of m and c?
7
Let u = -170 + 190. What is the greatest common factor of 5 and u?
5
Let b(w) = 3*w**2 + 5*w - 12. Let j be b(-4). Suppose 0*r = -2*r + 26. Suppose 5*v - 7 = r. What is the highest common factor of v and j?
4
Suppose 4*t = -0*t. Suppose 2*u - 53 = -3*a, t*u = -2*a - u + 37. Calculate the highest common divisor of 7 and a.
7
Let f = 177 + -89. What is the highest common divisor of 110 and f?
22
Let o = -44 - -76. Let b = o + -18. Calculate the greatest common factor of b and 14.
14
Suppose -3*w + 3*o = -6, -4*w - 5*o + 0 = -8. Suppose w*x = 6*x - 12. What is the highest common divisor of 6 and x?
3
Let z = -8 - -22. Let m = -10 + z. Suppose -m*f + 88 = 5*j, -28 - 28 = -3*j - 4*f. What is the greatest common divisor of j and 16?
16
Let q(w) = -19*w - 11. Let r(p) = 9*p + 6. Let i(o) = 6*q(o) + 13*r(o). Let b be i(8). Let m = 69 - b. Calculate the highest common divisor of m and 22.
11
Let m be (32/14 - 2) + 4/(-14). Suppose m = 6*c - 83 - 37. What is the greatest common divisor of 180 and c?
20
Let k be 28/70*19845/((-9)/(-3)). What is the highest common divisor of k and 54?
54
Let v = 74 + 55. Suppose -188 = -5*i + 4*p, 4*p = -3*i + p + v. Calculate the highest common divisor of 80 and i.
40
Let f be (-14)/(-35) + 12/(-5). Let i be -2 + (f - (-34)/(4/2)). What is the greatest common divisor of 104 and i?
13
Suppose 58 = 3*z - 5*p - 62, 0 = -3*z - 2*p + 120. What is the greatest common divisor of 520 and z?
40
Let r be 1*346/18 - (-198)/(-891). Let m(u) = 5*u + u + 4 - 7*u**2 + 14*u**2. Let q be m(5). What is the greatest common divisor of q and r?
19
Let a(m) = 3*m + 31. Let c be a(-9). Suppose 3*p = p - c*v + 2, 4*v = -3*p + 9. What is the greatest common divisor of 77 and p?
7
Let h(p) = 3*p**2 + 76*p - 80. Let b be h(-37). Calculate the highest common factor of b and 15.
15
Suppose 5*g - 2*w - 7 = 0, -2 = -3*g + w + 2. Suppose -f + 4*l + 29 = 0, 2*f + 4*l + 47 = 5*f. What is the highest common divisor of g and f?
1
Let o be (-35)/(-14)*(-12)/10. Let i be (1/(-1))/(o/231). Suppose 0*z = 5*z - 55. What is the greatest common divisor of z and i?
11
Let d = 42 + -29. Suppose -12*x + d*x = 342. What i